4 = r. Let x = r + 63. What is the highest common divisor of 20 and x?
4
Suppose -14*l + 10*l + 2*z + 1508 = 0, 5*l + 5*z - 1900 = 0. What is the highest common divisor of l and 108?
54
Suppose 3*o = 40 + 38. Calculate the highest common divisor of 78 and o.
26
Let h(g) = -g**2 - 5*g + 5. Let n be h(-4). Suppose 0 = 2*b - f - 4*f - 3, b + 5*f - 24 = 0. Calculate the greatest common factor of n and b.
9
Let m(l) = -l + 19. Let h be m(-9). Let a(x) = 11*x + 9. Let t be a(3). Calculate the highest common divisor of t and h.
14
Let k = 65 - 35. Suppose 18*i - 60 = 13*i. Calculate the greatest common factor of i and k.
6
Let n be ((-1)/2)/(3/(-360)). Suppose -5*d = g - 170, 4*d - 4*g = 45 + 115. Let j = d - 15. Calculate the greatest common factor of n and j.
20
Let l(p) be the third derivative of 1/30*p**5 + 1/24*p**4 + 2/3*p**3 + 0 + 0*p + 4*p**2. Let d be l(8). Calculate the highest common factor of 20 and d.
20
Suppose 5*a - 111 = -3*x, 3*a + x = -7 + 72. Calculate the highest common factor of 133 and a.
7
Let f = -199 - -273. What is the greatest common divisor of 74 and f?
74
Suppose 19 + 3 = i. Suppose -4*u = -4 - 12, 3*u + 108 = 5*f. Suppose 4*t - 108 = f. What is the highest common factor of i and t?
11
Let h(g) = g + 9. Let n be h(3). Suppose -w - 3*w - 2292 = 0. Let q be 2/4 + w/(-6). Calculate the greatest common divisor of q and n.
12
Suppose 0 = -53*r + 58*r - 280. What is the greatest common divisor of r and 140?
28
Let d(u) = 27*u**2 + 6*u + 2. Let l be d(-4). Let s(v) = -42*v**3 + v**2 + 3*v + 1. Let b be s(-1). What is the greatest common divisor of b and l?
41
Suppose 2*b - 28 = 2*z, b + 3*z - 6 = 2*z. What is the greatest common divisor of b and 80?
10
Suppose 7*l + 8 = 330. What is the greatest common divisor of 2 and l?
2
Let h be 35/(((-441)/39)/(-21)). Let p be 1 + (-4)/(-2 - -1). What is the highest common factor of h and p?
5
Suppose -73 = -3*f + 89. Let r = 50 + 4. Let m = -45 + r. Calculate the highest common factor of m and f.
9
Suppose 0 = 5*a + 5*i - 1377 - 1043, 5*a - 5*i - 2380 = 0. Let h be (2/(-4))/(((-52)/a)/13). What is the highest common divisor of h and 90?
30
Suppose 7*x + 272 = 23*x. Let w(p) = 21*p**2 - 2. Let u be w(-3). Calculate the highest common divisor of u and x.
17
Suppose 0 = 2*a - 259 - 169. Suppose -3*x = -a + 70. Calculate the highest common divisor of 16 and x.
16
Let i be 28/3 + (-10)/(-15). Suppose 4*k - 29 = -9. Let f = 20 + k. Calculate the greatest common factor of f and i.
5
Let c = -243 - -285. Suppose 3*t + t = 124. Suppose 2*v = 4*o - 37 - t, 2*o + 3*v = c. What is the highest common divisor of o and 9?
9
Suppose 98 = 20*y - 242. What is the highest common divisor of y and 5?
1
Suppose 12*j - 750 = 870. What is the greatest common factor of 81 and j?
27
Suppose 0 = 5*b + 4*u - 570, -b + 64 + 31 = -3*u. Calculate the highest common factor of 5 and b.
5
Let w = -2017 + 2031. Calculate the highest common factor of w and 518.
14
Suppose 4*p + 459 = 5*r + 15, -2*p - 228 = -r. Let q = -70 - p. Calculate the greatest common factor of 115 and q.
23
Suppose -4 = -n + 1. Suppose d - 3*h - 1 = -13, n*d + 28 = -h. Let y = 16 - d. Calculate the highest common factor of y and 55.
11
Let w = 31 - 25. Let t be -1*(w + -2 + -15). Calculate the highest common factor of t and 44.
11
Let l = -23 - -23. Suppose 2*g + 2*h - 12 = l, 5*h + 15 = g + 3*h. Calculate the greatest common divisor of 9 and g.
9
Suppose -2*q = -a - 14 - 1, 4*a = 12. What is the highest common factor of 33 and q?
3
Let j(t) = 3*t**2. Let d be j(3). Let r be 3 - (0/(-3) - 1). Suppose -5 = -q + r. Calculate the highest common divisor of d and q.
9
Suppose 2*t - 4*t = -6, 0 = 2*l + 2*t + 78. Let j = -34 - l. What is the greatest common divisor of j and 16?
8
Let n(t) = 2*t**2 - 6*t + 6. Let h be n(6). Let s = 102 - h. What is the greatest common factor of s and 24?
12
Suppose 5*n + 1 = 16. Suppose n*d = 2*d - t, d = 3*t + 20. Calculate the highest common divisor of d and 20.
5
Suppose 5*h + 2975 = 22*h. Let o = h - 107. What is the greatest common factor of o and 4?
4
Let m be (114/(-10) + 3)/((-3)/10). What is the highest common factor of m and 98?
14
Let y(v) = -v**2 - 5*v - 2. Let p be y(-2). Suppose 6 = -p*l + 146. Calculate the highest common factor of l and 5.
5
Suppose -j + l + 12 = -3*l, -l + 48 = 4*j. Suppose 0 = -c + 6*c - 180. What is the greatest common divisor of c and j?
12
Let y = 12 - -24. Let t(r) = 5*r - 147. Let s be t(33). What is the highest common divisor of s and y?
18
Let b(k) = -4*k - 40. Let h be b(-12). Let c be (-1 - 8) + -1 + 4. Let j(s) = s + 8. Let p be j(c). What is the highest common factor of p and h?
2
Suppose -5*k + 4*l = -196, 5*k + 4*l - 204 = -0*k. Calculate the greatest common factor of k and 80.
40
Let q be (407/(-111))/(-2 - (-58)/30). What is the greatest common factor of q and 88?
11
Let i(n) = -n**2 - 12*n + 2. Let f be i(-12). Suppose -f*s = 0, 2*w - 4*s + 720 = 7*w. What is the highest common factor of w and 16?
16
Suppose 0 = 4*x - 8, 2*y = 4*x - 2 - 0. Suppose 3*z - 20 - 37 = j, 4*z - 76 = y*j. What is the greatest common factor of z and 95?
19
Suppose 2 = d, -3*d - 14 = -4*c - 2*d. Let u = -29 - -31. Calculate the greatest common factor of u and c.
2
Let n be ((-256)/192)/(4/(-78)). What is the highest common factor of n and 156?
26
Let r(n) = n**3 - 3*n**2 + n + 2. Let b be r(3). Suppose b*j - 16 = v, -1 = -j + 4. What is the highest common factor of 1 and v?
1
Let m(u) = -u**3 + 3*u**2 + 27*u + 142. Let v be m(-6). What is the highest common divisor of 40 and v?
8
Let n be (-32)/(-10) + 3/(-15). Let j be 5/80*4 - 22/(-8). Suppose 12 = o + 3*l, -j*o + l = -n*l - 23. What is the greatest common factor of 1 and o?
1
Suppose -55*y = -26*y - 16240. Calculate the greatest common factor of y and 14.
14
Suppose 2*c = g - 42, -g - 2 + 37 = 5*c. Calculate the highest common divisor of g and 140.
20
Let y = -2705 - -2714. Calculate the greatest common factor of y and 9.
9
Suppose u - 2*t - 70 = 0, 0 = 4*u + 2*t + 3*t - 215. What is the greatest common factor of u and 540?
60
Let l(u) = -u**3 + u**2 + 5*u + 3. Let n be l(-3). Calculate the highest common divisor of 66 and n.
6
Suppose a - 4*t = 28, -5*a + 10*t + 182 = 11*t. What is the highest common factor of 1692 and a?
36
Suppose 0 = o - 3*c - 20, -28 = -0*o - o + 5*c. Let b = -453 + 465. Calculate the greatest common divisor of o and b.
4
Suppose 4*p - 135 - 521 = 0. What is the highest common factor of 410 and p?
82
Let a(f) = -14*f - 34. Let l be a(-7). Suppose -2*z - 6*z + l = 0. Let i be (-218)/(-9) + (-2)/9. What is the highest common divisor of z and i?
8
Let z(k) = k**3 + 5*k**2 + 3*k - 2. Let r be z(-4). Let i be r/6 - (-76)/6. Suppose -25 = 7*l - 207. What is the highest common factor of l and i?
13
Suppose 22*s - 993 = -773. Let f(b) = 2*b**2 + 4*b + 2. Let r be f(-6). Calculate the greatest common divisor of r and s.
10
Let x be (-4 + 7 + -46)*1. Let q = x - -76. What is the greatest common divisor of q and 297?
33
Let m be -2 - (-1*6)/1. Suppose -r = r, -36 = -m*f - 3*r. Let k be (f/(-3) - -6) + -2. What is the greatest common factor of k and 8?
1
Let s be 60/210 - 80/(-14). What is the greatest common factor of 3 and s?
3
Let s = -140 + 157. Calculate the highest common factor of s and 51.
17
Let p = -134 - -230. Let l(u) = 2*u**2 + 23*u - 11. Let s be l(-11). Let a be s/(-99) - (-106)/9. What is the highest common divisor of p and a?
12
Let y(b) = -b**3 + 4*b**2 - b - 2. Let w be y(2). Suppose -4*s + 16 = 4*n, s + w*n - n = 2. What is the highest common factor of s and 45?
5
Suppose -25*m + 28 = -22*m - 2*s, -m + 14 = -3*s. Calculate the greatest common factor of m and 36.
4
Let w(b) = b**2 + 6*b + 3. Let o be w(-5). Let n = 57 + o. Calculate the highest common factor of n and 11.
11
Let m(p) = p**3 - 4*p**2 + 2*p + 7. Let x be m(3). Suppose -x*y + 4*g + 211 = -3*y, 0 = -5*g + 25. Calculate the highest common divisor of 33 and y.
33
Suppose 0 = 47*d - 41*d - 228. Calculate the highest common divisor of d and 798.
38
Let d(z) = 85*z**2 + 5*z - 4. Let n be d(1). Calculate the greatest common divisor of n and 172.
86
Let a(d) = -64*d - 2. Let b be a(-2). Let h = 10 + 5. Let l be h - (-2 + (-12)/(-4)). Calculate the highest commo